prime factors of 12247.
37, 331
What are the prime factors of 22916?
2, 17, 337
What are the prime factors of 1535?
5, 307
List the prime factors of 27690.
2, 3, 5, 13, 71
What are the prime factors of 5913?
3, 73
What are the prime factors of 1283?
1283
List the prime factors of 414.
2, 3, 23
What are the prime factors of 61196?
2, 15299
What are the prime factors of 681?
3, 227
List the prime factors of 16340.
2, 5, 19, 43
What are the prime factors of 469?
7, 67
What are the prime factors of 93470?
2, 5, 13, 719
List the prime factors of 8630.
2, 5, 863
List the prime factors of 51632.
2, 7, 461
List the prime factors of 52212.
2, 3, 19, 229
List the prime factors of 4574.
2, 2287
What are the prime factors of 41355?
3, 5, 919
What are the prime factors of 15198?
2, 3, 17, 149
What are the prime factors of 47967?
3, 59, 271
List the prime factors of 2332.
2, 11, 53
List the prime factors of 3562.
2, 13, 137
List the prime factors of 2124.
2, 3, 59
List the prime factors of 1024.
2
What are the prime factors of 13691?
13691
List the prime factors of 1126.
2, 563
List the prime factors of 875.
5, 7
List the prime factors of 22311.
3, 37, 67
List the prime factors of 3332.
2, 7, 17
List the prime factors of 3436.
2, 859
What are the prime factors of 996?
2, 3, 83
What are the prime factors of 49592?
2, 6199
What are the prime factors of 64?
2
List the prime factors of 917.
7, 131
What are the prime factors of 796?
2, 199
List the prime factors of 8988.
2, 3, 7, 107
What are the prime factors of 29058?
2, 3, 29, 167
List the prime factors of 4346.
2, 41, 53
What are the prime factors of 2560?
2, 5
What are the prime factors of 14682?
2, 3, 2447
List the prime factors of 2874.
2, 3, 479
What are the prime factors of 2405?
5, 13, 37
List the prime factors of 18458.
2, 11, 839
List the prime factors of 8230.
2, 5, 823
What are the prime factors of 10318?
2, 7, 11, 67
List the prime factors of 1444.
2, 19
What are the prime factors of 847?
7, 11
List the prime factors of 1943.
29, 67
List the prime factors of 9604.
2, 7
List the prime factors of 164.
2, 41
List the prime factors of 3440.
2, 5, 43
What are the prime factors of 145929?
3, 7, 6949
What are the prime factors of 111255?
3, 5, 7417
List the prime factors of 63723.
3, 11, 1931
What are the prime factors of 1088?
2, 17
What are the prime factors of 399?
3, 7, 19
What are the prime factors of 21342?
2, 3, 3557
What are the prime factors of 11468?
2, 47, 61
What are the prime factors of 8199?
3, 911
What are the prime factors of 1021?
1021
What are the prime factors of 13489?
7, 41, 47
What are the prime factors of 982?
2, 491
List the prime factors of 3781.
19, 199
What are the prime factors of 1891?
31, 61
What are the prime factors of 4539?
3, 17, 89
What are the prime factors of 28080?
2, 3, 5, 13
List the prime factors of 17451.
3, 7, 277
What are the prime factors of 623?
7, 89
List the prime factors of 82355.
5, 7, 13, 181
List the prime factors of 226.
2, 113
List the prime factors of 1648.
2, 103
List the prime factors of 3821.
3821
What are the prime factors of 5645?
5, 1129
What are the prime factors of 4555?
5, 911
What are the prime factors of 1172?
2, 293
List the prime factors of 7049.
7, 19, 53
What are the prime factors of 77011?
11, 7001
What are the prime factors of 26810?
2, 5, 7, 383
What are the prime factors of 18627?
3, 7, 887
List the prime factors of 277.
277
List the prime factors of 14171.
37, 383
List the prime factors of 78892.
2, 11, 163
What are the prime factors of 267?
3, 89
List the prime factors of 814.
2, 11, 37
What are the prime factors of 37811?
37811
List the prime factors of 1447.
1447
List the prime factors of 51163.
7, 7309
What are the prime factors of 9609?
3, 3203
List the prime factors of 11487.
3, 7, 547
What are the prime factors of 30523?
131, 233
List the prime factors of 2660.
2, 5, 7, 19
List the prime factors of 835.
5, 167
List the prime factors of 11307.
3, 3769
What are the prime factors of 11281?
29, 389
What are the prime factors of 6802?
2, 19, 179
List the prime factors of 2131.
2131
List the prime factors of 70490.
2, 5, 7, 19, 53
List the prime factors of 62216.
2, 7, 11, 101
What are the prime factors of 7001?
7001
What are the prime factors of 5711?
5711
List the prime factors of 93.
3, 31
What are the prime factors of 1352?
2, 13
List the prime factors of 5280.
2, 3, 5, 11
What are the prime factors of 7434?
2, 3, 7, 59
What are the prime factors of 1700?
2, 5, 17
What are the prime factors of 1258?
2, 17, 37
What are the prime factors of 710?
2, 5, 71
What are the prime factors of 2523?
3, 29
What are the prime factors of 28753?
28753
What are the prime factors of 722?
2, 19
List the prime factors of 1391.
13, 107
What are the prime factors of 32737?
19, 1723
What are the prime factors of 50055?
3, 5, 47, 71
List the prime factors of 3489.
3, 1163
What are the prime factors of 1918?
2, 7, 137
What are the prime factors of 1530?
2, 3, 5, 17
What are the prime factors of 1237?
1237
List the prime factors of 34084.
2, 8521
List the prime factors of 2610.
2, 3, 5, 29
List the prime factors of 1333.
31, 43
List the prime factors of 1831.
1831
List the prime factors of 3689.
7, 17, 31
What are the prime factors of 22480?
2, 5, 281
What are the prime factors of 2016?
2, 3, 7
List the prime factors of 1325.
5, 53
List the prime factors of 2072.
2, 7, 37
What are the prime factors of 34747?
34747
List the prime factors of 68768.
2, 7, 307
List the prime factors of 8084.
2, 43, 47
What are the prime factors of 67912?
2, 13, 653
List the prime factors of 19378.
2, 9689
What are the prime factors of 54779?
54779
List the prime factors of 14890.
2, 5, 1489
What are the prime factors of 34563?
3, 41, 281
List the prime factors of 92686.
2, 11, 383
List the prime factors of 11038.
2, 5519
List the prime factors of 1740.
2, 3, 5, 29
List the prime factors of 172.
2, 43
List the prime factors of 21612.
2, 3, 1801
List the prime factors of 19043.
137, 139
What are the prime factors of 4452?
2, 3, 7, 53
What are the prime factors of 123532?
2, 89, 347
What are the prime factors of 1102?
2, 19, 29
List the prime factors of 1600.
2, 5
List the prime factors of 3324.
2, 3, 277
What are the prime factors of 16691?
16691
What are the prime factors of 27969?
3, 9323
What are the prime factors of 2868?
2, 3, 239
What are the prime factors of 66529?
66529
What are the prime factors of 4212?
2, 3, 13
What are the prime factors of 6331?
13, 487
List the prime factors of 5037.
3, 23, 73
List the prime factors of 2968.
2, 7, 53
What are the prime factors of 6652?
2, 1663
What are the prime factors of 144?
2, 3
List the prime factors of 759.
3, 11, 23
List the prime factors of 1523.
1523
What are the prime factors of 657?
3, 73
What are the prime factors of 5623?
5623
What are the prime factors of 709?
709
What are the prime factors of 4460?
2, 5, 223
List the prime factors of 2352.
2, 3, 7
List the prime factors of 13904.
2, 11, 79
List the prime factors of 5203.
11, 43
List the prime factors of 4681.
31, 151
What are the prime factors of 22447?
22447
What are the prime factors of 5166?
2, 3, 7, 41
What are the prime factors of 29343?
3, 9781
What are the prime factors of 958?
2, 479
What are the prime factors of 6163?
6163
List the prime factors of 1507.
11, 137
List the prime factors of 282.
2, 3, 47
List the prime factors of 40168.
2, 5021
What are the prime factors of 92410?
2, 5, 9241
List the prime factors of 8405.
5, 41
What are the prime factors of 9561?
3, 3187
List the prime factors of 338.
2, 13
What are the prime factors of 2477?
2477
What are the prime factors of 39088?
2, 7, 349
What are the prime factors of 1271?
31, 41
What are the prime factors of 2391?
3, 797
List the prime factors of 1076.
2, 269
What are the prime factors of 1341?
3, 149
List the prime factors of 91613.
17, 317
List the prime factors of 1764.
2, 3, 7
What are the prime factors of 9?
3
What are the prime factors of 1458?
2, 3
List the prime factors of 570.
2, 3, 5, 19
What are the prime factors of 2730?
2, 3, 5, 7, 13
What are the prime factors of 359?
359
What are the prime factors of 10140?
2, 3, 5, 13
What are the prime factors of 70391?
43, 1637
List the prime 